
{"id":624,"date":"2017-05-02T10:13:31","date_gmt":"2017-05-02T10:13:31","guid":{"rendered":"https:\/\/data.imithemes.com\/adorechurch-pb\/?page_id=624"},"modified":"2025-12-22T17:38:45","modified_gmt":"2025-12-22T16:38:45","slug":"instytut","status":"publish","type":"page","link":"https:\/\/metoda-tippinga.pl\/web\/instytut\/","title":{"rendered":"Instytut"},"content":{"rendered":"<div class=\"wpb-content-wrapper\"><p>[vc_row][vc_column][vc_column_text]<\/p>\r\n<h2><strong>Witamy w Instytucie Metody Tippinga<\/strong>\u00ae<\/h2>\r\n<p><em>Misj\u0105 Instytutu jest upowszechnianie idei wybaczania oraz uczenie prostych narz\u0119dzi, kt\u00f3re pomog\u0105 innym uwalnia\u0107 przesz\u0142o\u015b\u0107, daj\u0105c ulg\u0119, spok\u00f3j i rado\u015b\u0107.<\/em><\/p>\r\n<p>Jedyny w Polsce Instytut Metody Tippinga\u00ae za\u0142o\u017cony zosta\u0142 przez Ireneusza Rudnickiego z inspiracji wielkiej or\u0119downiczki Radykalnego Wybaczania \u2013 Ireny Polkowskiej \u2013 Rutenberg. W 2018 roku na pro\u015bb\u0119 tw\u00f3rcy metody, Instytut ca\u0142kowicie przej\u0119\u0142a i prowadzi obecnie, uczennica Colina Tippinga \u2013 Magdalena Czaja.<\/p>\r\n<p>Proste i bardzo szybko dzia\u0142aj\u0105ce narz\u0119dzia Radykalnego Wybaczania przynosz\u0105 ulg\u0119, rado\u015b\u0107 i poczucie lekko\u015bci milionom ludzi na ca\u0142ym \u015bwiecie.<\/p>\r\n<p>Instytut prowadzi sesje indywidualne, warsztaty, kursy certyfikowanego trenera Radykalnego Wybaczania, Gry Satori oraz Ceremonie Wybaczania w kr\u0119gu.<\/p>\r\n<p>Jeste\u015bmy zar\u00f3wno dla ludzi, kt\u00f3rzy chc\u0105 zawodowo pracowa\u0107 Metod\u0105 Tippinga (chc\u0105 zosta\u0107 certyfikowanymi trenerami tej metody) jak i dla os\u00f3b, kt\u00f3re chc\u0105 poszerzy\u0107 swoj\u0105 praktyk\u0119 zawodow\u0105 lub te\u017c nauczy\u0107 si\u0119 Metody Tippinga aby korzysta\u0107 z niej w swoim \u017cyciu codziennym.<\/p>\r\n<p>Obecnie ogromn\u0105 popularno\u015bci\u0105 cieszy si\u0119 podcast Instytutu: \u201eRadykalne Wybaczanie. Rozw\u00f3j, Relacje, Duchowo\u015b\u0107\u201d, kt\u00f3ry nie tylko przybli\u017ca ide\u0119 wybaczania, ale daje tak\u017ce praktyczne narz\u0119dzia i \u0107wiczenia wspieraj\u0105ce w wychodzeniu \u201eze \u015bwiata ofiar, b\u00f3lu i cierpienia\u201d.<\/p>\r\n<p>&nbsp;<\/p>\r\n\r\n<div class=\"wp-block-image\">\r\n<figure class=\"alignleft\"><img loading=\"lazy\" decoding=\"async\" width=\"194\" height=\"300\" class=\"wp-image-820\" src=\"https:\/\/metoda-tippinga.pl\/web\/wp-content\/uploads\/2019\/08\/coling-194x300.png\" alt=\"\" srcset=\"https:\/\/metoda-tippinga.pl\/web\/wp-content\/uploads\/2019\/08\/coling-194x300.png 194w, https:\/\/metoda-tippinga.pl\/web\/wp-content\/uploads\/2019\/08\/coling-600x927.png 600w, https:\/\/metoda-tippinga.pl\/web\/wp-content\/uploads\/2019\/08\/coling-768x1187.png 768w, https:\/\/metoda-tippinga.pl\/web\/wp-content\/uploads\/2019\/08\/coling-662x1024.png 662w, https:\/\/metoda-tippinga.pl\/web\/wp-content\/uploads\/2019\/08\/coling-958x1481.png 958w\"  sizes=\"(max-width: 194px) 100vw, 194px\" \/><\/figure>\r\n<\/div>\r\n<p>\u00a0<\/p>\r\n\r\n<h3 class=\"wp-block-heading\"><strong>O Colinie Tippingu<\/strong><\/h3>\r\n\r\n<p>Colin Tipping (zmar\u0142 28 czerwca 2019 roku) jest tw\u00f3rc\u0105 Radykalnego Wybaczania, kt\u00f3re jest dzisiaj uwa\u017cane za jedn\u0105 z najbardziej skutecznych technik samopomocy w uwalnianiu traum, depresji i problem\u00f3w w relacjach z innymi. By\u0142 wielokrotnie nagradzanym autorem i m\u00f3wc\u0105. Prowadzi\u0142 warsztaty Radykalnego Wybaczania oraz sesje indywidualne i grupowe na ca\u0142ym \u015bwiecie, pomagaj\u0105c uzdrowi\u0107 jednostki, rodziny, spo\u0142ecze\u0144stwa i korporacje. Jego praca zosta\u0142a doceniona przez wiele uznanych nazwisk takich jak: John Bradshaw, Mark Victor Hanson, Caroline Myss, Neale Donald Walsch, Marianne Williamson and Gregg Braden.<\/p>\r\n\r\n<p>Colin urodzi\u0142 si\u0119 w Anglii, gdzie uko\u0144czy\u0142 Uniwersytet Middlesex oraz otrzyma\u0142 Certyfikat Hipnoterapii Klinicznej. Przed wyemigrowaniem do Stan\u00f3w Zjednoczonych w 1984 roku by\u0142 tak\u017ce wyk\u0142adowc\u0105. Razem z \u017con\u0105, JoAnn, Colin za\u0142o\u017cy\u0142 Program Pomocy osobom chorym na raka w Georgii \u2013 \u201eTogether We Heal Inc\u201d, a p\u00f3\u017aniej Instytut Radykalnego Wybaczania. Ze swoj\u0105 metod\u0105 i do\u015bwiadczeniami, Colin i JoAnn podr\u00f3\u017cowali po Stanach Zjednoczonych i Europie, zapoznaj\u0105c innych z narz\u0119dziami Radykalnego Wybaczania.<\/p>\r\n<p>\u00a0<\/p>\r\n<hr hidden=\"\" \/>\r\n<p>\u00a0<\/p>\r\n\r\n<div class=\"wp-block-image\">\r\n<figure class=\"alignleft\"><img loading=\"lazy\" decoding=\"async\" width=\"200\" height=\"300\" class=\"wp-image-838\" src=\"https:\/\/metoda-tippinga.pl\/web\/wp-content\/uploads\/2019\/08\/Magdalena-Czaja-200x300.jpg\" alt=\"\" srcset=\"https:\/\/metoda-tippinga.pl\/web\/wp-content\/uploads\/2019\/08\/Magdalena-Czaja-200x300.jpg 200w, https:\/\/metoda-tippinga.pl\/web\/wp-content\/uploads\/2019\/08\/Magdalena-Czaja-600x899.jpg 600w, https:\/\/metoda-tippinga.pl\/web\/wp-content\/uploads\/2019\/08\/Magdalena-Czaja-768x1151.jpg 768w, https:\/\/metoda-tippinga.pl\/web\/wp-content\/uploads\/2019\/08\/Magdalena-Czaja-683x1024.jpg 683w, https:\/\/metoda-tippinga.pl\/web\/wp-content\/uploads\/2019\/08\/Magdalena-Czaja-958x1436.jpg 958w\"  sizes=\"(max-width: 200px) 100vw, 200px\" \/><\/figure>\r\n<\/div>\r\n<p>\u00a0<\/p>\r\n\r\n<h3 class=\"wp-block-heading\"><strong>Magdalena Czaja<\/strong><\/h3>\r\n<p>Przedsi\u0119biorczyni, terapeutka, Mistrzyni Metody Tippinga i uczennica nie\u017cyj\u0105cego ju\u017c tw\u00f3rcy Radykalnego Wybaczania, Colina Tippinga. Jedna z nielicznych trenerek na \u015bwiecie certyfikowanych bezpo\u015brednio przez autora metody, kt\u00f3ra praktykuje i popularyzuje Radykalne Wybaczanie od ponad 20 lat. Wybrana przez Tippinga do prowadzenia jedynego przedstawicielstwa tej metody w Polsce: Instytutu Metody Tippinga\u00ae.<\/p>\r\n<p>Tw\u00f3rczyni autorskiej metody Lovefiting\u00ae, kt\u00f3rej celem jest wspieranie ludzi w budowaniu relacji pe\u0142nych mi\u0142o\u015bci. Prowadzi podcast \u201eRadykalne Wybaczanie: relacje, rozw\u00f3j, duchowo\u015b\u0107\u201d. Jest tak\u017ce wyk\u0142adowczyni\u0105, felietonistk\u0105 Wprost.pl oraz ekspertk\u0105 w programach telewizyjnych.<\/p>\r\n<p><b>W 2024 roku nominowana przez magazyn Forbes Polska do tytu\u0142u Kobieta Roku 2024 Forbes, w kategorii &#8222;Dzia\u0142alno\u015b\u0107 spo\u0142eczna&#8221;. W 2025 znalaz\u0142a si\u0119 w rankingu &#8222;50 po 50&#8221; Forbes Women, prezentuj\u0105ce kobiety, kt\u00f3re mia\u0142y odwag\u0119 zmieni\u0107 swoje \u017cycie po 50 roku \u017cycia i odnios\u0142y spektakularny sukces.<\/b><\/p>\r\n<p>Magdalena od lat zg\u0142\u0119bia psychologi\u0119 relacji i zwi\u0105zk\u00f3w, szkol\u0105c si\u0119 u takich ekspert\u00f3w jak Matthew Hussey, Mat Boggs oraz mistrzyni pracy z przekonaniami Byron Katie. Przygotowanie terapeutyczne zdoby\u0142a w Akademii Psychologii Terapeutycznej w Polsce, ale nieustannie poszukuje wiedzy u \u017ar\u00f3d\u0142a.<\/p>\r\n<p>Jej praca z parami oparta na Stylach Przywi\u0105zania rozwija\u0142a si\u0119 na szkoleniach Diane Poole Heller, m.in. w ramach kurs\u00f3w \u201eAttachment Strategies for Adult Relationships\u201d czy \u201eTrauma and Disorganized Attachment\u201d.<\/p>\r\n<p>Cho\u0107 Magdalena Czaja wierzy, \u017ce cz\u0142owiek jest czym\u015b wi\u0119cej ni\u017c tylko cia\u0142em fizycznym, w pracy z parami wykorzystuje r\u00f3wnie\u017c empirycznie sprawdzone metody. Z tego powodu przesz\u0142a trening w dw\u00f3ch uznanych podej\u015bciach:<\/p>\r\n<ul>\r\n<li aria-level=\"1\">Emotionally Focused Therapy (EFT) dla par, bazuj\u0105cy na Stylach Przywi\u0105zania, w International Centre for Excellence in Emotionally Focused Therapy,<\/li>\r\n<li aria-level=\"1\">metod\u0119 Gottmana, uzyskuj\u0105c certyfikacj\u0119 jako Liderka Instytutu Gottmana, uprawniaj\u0105c\u0105 j\u0105 do prowadzenia warsztat\u00f3w dla par wed\u0142ug metodologii Johna M. Gottmana i Nan Silver.<\/li>\r\n<\/ul>\r\n<p>Od ponad dwudziestu pi\u0119ciu lat zwi\u0105zana jest z biznesem. By\u0142a wsp\u00f3\u0142w\u0142a\u015bcicielk\u0105 jednej z najbardziej nagradzanych polskich agencji marketingowych, wielokrotnie umieszczano j\u0105 tak\u017ce w rankingach najbardziej wp\u0142ywowych kobiet polskiej reklamy. Pe\u0142ni\u0142a funkcj\u0119 Wiceprzewodnicz\u0105cej Prezydium Komisji Etyki Reklamy w Polsce i zasiada\u0142a w Zarz\u0105dzie Stowarzyszenia Agencji Reklamowych.<\/p>\r\n<p>&#8222;Praca z innymi i samorozw\u00f3j to moja prawdziwa pasja! Doskonale rozumiem \u201eosoby po przej\u015bciach\u201d, kt\u00f3re pragn\u0105 u\u0142o\u017cy\u0107 sobie relacje rodzinne, \u017cycie zawodowe czy mi\u0142osne na nowo lub inaczej. Od wielu lat ludzie wybieraj\u0105 mnie na swoj\u0105 przewodniczk\u0119, kt\u00f3ra pomaga im przej\u015b\u0107 przez ich \u017cyciowe, zawodowe i sercowe zakr\u0119ty. W tej w\u0142a\u015bnie roli postanowi\u0142am si\u0119 dalej realizowa\u0107 w pe\u0142nym wymiarze, oddaj\u0105c komu innemu funkcj\u0119 prezesa agencji marketingowej, kt\u00f3r\u0105 tworzy\u0142am przez 20 lat. Pod\u0105\u017cy\u0142am za pragnieniem mojego serca, co pozwala mi na realizacj\u0119 mojej \u017cyciowej misji: poruszania serc innych tak\u017ce poprzez wybaczanie.&#8221;<\/p>\r\n<p>www.magdalenaczaja.com<\/p>\r\n<p>\u00a0<\/p>\r\n\r\n<p><a class=\"btn btn-sm btn-default\" style=\"background-color: #3bafda; color: #ffffff; font-size: 15px;\" href=\"https:\/\/metoda-tippinga.pl\/web\/moja-historia\/\" data-slimstat=\"5\">MOJA HISTORIA \u00bb <\/a><\/p>\r\n\r\n<p><a href=\"https:\/\/metoda-tippinga.pl\/web\/wp-content\/uploads\/2019\/10\/Radical_Forgiveness_Coach_Certificate-1024x791.jpg\"><img loading=\"lazy\" decoding=\"async\" width=\"1024\" height=\"791\" class=\"wp-image-1209\" src=\"https:\/\/metoda-tippinga.pl\/web\/wp-content\/uploads\/2019\/10\/Radical_Forgiveness_Coach_Certificate-1024x791.jpg\" alt=\"\" data-id=\"1209\" data-link=\"https:\/\/metoda-tippinga.pl\/web\/zespol\/radical_forgiveness_coach_certificate\/\" srcset=\"https:\/\/metoda-tippinga.pl\/web\/wp-content\/uploads\/2019\/10\/Radical_Forgiveness_Coach_Certificate-1024x791.jpg 1024w, https:\/\/metoda-tippinga.pl\/web\/wp-content\/uploads\/2019\/10\/Radical_Forgiveness_Coach_Certificate-600x464.jpg 600w, https:\/\/metoda-tippinga.pl\/web\/wp-content\/uploads\/2019\/10\/Radical_Forgiveness_Coach_Certificate-300x232.jpg 300w, https:\/\/metoda-tippinga.pl\/web\/wp-content\/uploads\/2019\/10\/Radical_Forgiveness_Coach_Certificate-768x593.jpg 768w, https:\/\/metoda-tippinga.pl\/web\/wp-content\/uploads\/2019\/10\/Radical_Forgiveness_Coach_Certificate-958x740.jpg 958w, https:\/\/metoda-tippinga.pl\/web\/wp-content\/uploads\/2019\/10\/Radical_Forgiveness_Coach_Certificate.jpg 1584w\"  sizes=\"(max-width: 1024px) 100vw, 1024px\" \/><\/a><\/p>\r\n<ul class=\"wp-block-gallery columns-2 is-cropped\">\r\n<li class=\"blocks-gallery-item\">\r\n<figure><a href=\"https:\/\/metoda-tippinga.pl\/web\/wp-content\/uploads\/2019\/10\/trener-rozwoju-osobistego-metod\u0105-tippinga-e1571501099177-1024x724.jpg\"><img loading=\"lazy\" decoding=\"async\" width=\"1024\" height=\"724\" class=\"wp-image-1212\" src=\"https:\/\/metoda-tippinga.pl\/web\/wp-content\/uploads\/2019\/10\/trener-rozwoju-osobistego-metod\u0105-tippinga-e1571501099177-1024x724.jpg\" alt=\"\" data-id=\"1212\" data-link=\"https:\/\/metoda-tippinga.pl\/web\/zespol\/trener-rozwoju-osobistego-metoda-tippinga\/\" srcset=\"https:\/\/metoda-tippinga.pl\/web\/wp-content\/uploads\/2019\/10\/trener-rozwoju-osobistego-metod\u0105-tippinga-e1571501099177-1024x724.jpg 1024w, https:\/\/metoda-tippinga.pl\/web\/wp-content\/uploads\/2019\/10\/trener-rozwoju-osobistego-metod\u0105-tippinga-e1571501099177-600x424.jpg 600w, https:\/\/metoda-tippinga.pl\/web\/wp-content\/uploads\/2019\/10\/trener-rozwoju-osobistego-metod\u0105-tippinga-e1571501099177-300x212.jpg 300w, https:\/\/metoda-tippinga.pl\/web\/wp-content\/uploads\/2019\/10\/trener-rozwoju-osobistego-metod\u0105-tippinga-e1571501099177-768x543.jpg 768w, https:\/\/metoda-tippinga.pl\/web\/wp-content\/uploads\/2019\/10\/trener-rozwoju-osobistego-metod\u0105-tippinga-e1571501099177-958x678.jpg 958w, https:\/\/metoda-tippinga.pl\/web\/wp-content\/uploads\/2019\/10\/trener-rozwoju-osobistego-metod\u0105-tippinga-e1571501099177.jpg 1682w\"  sizes=\"(max-width: 1024px) 100vw, 1024px\" \/><\/a><\/figure>\r\n<\/li>\r\n<\/ul>\r\n\r\n<p>&nbsp;<\/p>\r\n<p>[\/vc_column_text][\/vc_column][\/vc_row]<\/p><\/div>","protected":false},"excerpt":{"rendered":"<p>[vc_row][vc_column][vc_column_text] Witamy w Instytucie Metody Tippinga\u00ae Misj\u0105 Instytutu jest upowszechnianie idei wybaczania oraz uczenie prostych narz\u0119dzi, kt\u00f3re pomog\u0105 innym uwalnia\u0107 przesz\u0142o\u015b\u0107, daj\u0105c ulg\u0119, spok\u00f3j i rado\u015b\u0107. Jedyny w Polsce Instytut Metody Tippinga\u00ae za\u0142o\u017cony zosta\u0142 przez Ireneusza Rudnickiego z inspiracji wielkiej or\u0119downiczki Radykalnego Wybaczania \u2013 Ireny Polkowskiej \u2013 Rutenberg. W 2018 roku na pro\u015bb\u0119 tw\u00f3rcy metody, Instytut ca\u0142kowicie przej\u0119\u0142a i prowadzi obecnie, uczennica Colina Tippinga \u2013 Magdalena Czaja. Proste i bardzo szybko dzia\u0142aj\u0105ce narz\u0119dzia Radykalnego Wybaczania przynosz\u0105 ulg\u0119, rado\u015b\u0107 i poczucie lekko\u015bci milionom ludzi na ca\u0142ym \u015bwiecie. Instytut prowadzi sesje indywidualne, warsztaty, kursy certyfikowanego trenera Radykalnego Wybaczania, Gry Satori oraz Ceremonie Wybaczania w kr\u0119gu. Jeste\u015bmy zar\u00f3wno dla ludzi, kt\u00f3rzy chc\u0105 zawodowo pracowa\u0107 Metod\u0105 Tippinga (chc\u0105 zosta\u0107 certyfikowanymi trenerami tej metody) jak i dla os\u00f3b, kt\u00f3re chc\u0105 poszerzy\u0107 swoj\u0105 praktyk\u0119 zawodow\u0105 lub te\u017c nauczy\u0107 si\u0119 Metody Tippinga aby korzysta\u0107 z niej w swoim \u017cyciu codziennym. Obecnie ogromn\u0105 popularno\u015bci\u0105 cieszy si\u0119 podcast Instytutu: \u201eRadykalne Wybaczanie. Rozw\u00f3j, Relacje, Duchowo\u015b\u0107\u201d, kt\u00f3ry nie tylko przybli\u017ca ide\u0119 wybaczania, ale daje tak\u017ce praktyczne narz\u0119dzia i \u0107wiczenia wspieraj\u0105ce w wychodzeniu \u201eze \u015bwiata ofiar, b\u00f3lu i cierpienia\u201d. &nbsp; \u00a0 O Colinie Tippingu Colin Tipping (zmar\u0142 28 czerwca 2019 roku) jest tw\u00f3rc\u0105 Radykalnego Wybaczania, kt\u00f3re jest dzisiaj uwa\u017cane za jedn\u0105 z najbardziej skutecznych technik samopomocy w uwalnianiu traum, depresji i problem\u00f3w w relacjach z innymi. By\u0142 wielokrotnie nagradzanym autorem i m\u00f3wc\u0105. Prowadzi\u0142 warsztaty Radykalnego Wybaczania oraz sesje indywidualne i grupowe na ca\u0142ym \u015bwiecie, pomagaj\u0105c uzdrowi\u0107 jednostki, rodziny, spo\u0142ecze\u0144stwa i korporacje. Jego praca zosta\u0142a doceniona przez wiele uznanych nazwisk takich jak: John Bradshaw, Mark Victor Hanson, Caroline Myss, Neale Donald Walsch, Marianne Williamson and Gregg Braden. Colin urodzi\u0142 si\u0119 w Anglii, gdzie uko\u0144czy\u0142 Uniwersytet Middlesex oraz otrzyma\u0142 Certyfikat Hipnoterapii Klinicznej. Przed wyemigrowaniem do Stan\u00f3w Zjednoczonych w 1984 roku by\u0142 tak\u017ce wyk\u0142adowc\u0105. Razem z \u017con\u0105, JoAnn, Colin za\u0142o\u017cy\u0142 Program Pomocy osobom chorym na raka w Georgii \u2013 \u201eTogether We Heal Inc\u201d, a p\u00f3\u017aniej Instytut Radykalnego Wybaczania. Ze swoj\u0105 metod\u0105 i do\u015bwiadczeniami, Colin i JoAnn podr\u00f3\u017cowali po Stanach Zjednoczonych i Europie, zapoznaj\u0105c innych z narz\u0119dziami Radykalnego Wybaczania. \u00a0 \u00a0 \u00a0 Magdalena Czaja Przedsi\u0119biorczyni, terapeutka, Mistrzyni Metody Tippinga i uczennica nie\u017cyj\u0105cego ju\u017c tw\u00f3rcy Radykalnego Wybaczania, Colina Tippinga. Jedna z nielicznych trenerek na \u015bwiecie certyfikowanych bezpo\u015brednio przez autora metody, kt\u00f3ra praktykuje i popularyzuje Radykalne Wybaczanie od ponad 20 lat. Wybrana przez Tippinga do prowadzenia jedynego przedstawicielstwa tej metody w Polsce: Instytutu Metody Tippinga\u00ae. Tw\u00f3rczyni autorskiej metody Lovefiting\u00ae, kt\u00f3rej celem jest wspieranie ludzi w budowaniu relacji pe\u0142nych mi\u0142o\u015bci. Prowadzi podcast \u201eRadykalne Wybaczanie: relacje, rozw\u00f3j, duchowo\u015b\u0107\u201d. Jest tak\u017ce wyk\u0142adowczyni\u0105, felietonistk\u0105 Wprost.pl oraz ekspertk\u0105 w programach telewizyjnych. W 2024 roku nominowana przez magazyn Forbes Polska do tytu\u0142u Kobieta Roku 2024 Forbes, w kategorii &#8222;Dzia\u0142alno\u015b\u0107 spo\u0142eczna&#8221;. W 2025 znalaz\u0142a si\u0119 w rankingu &#8222;50 po 50&#8221; Forbes Women, prezentuj\u0105ce kobiety, kt\u00f3re mia\u0142y odwag\u0119 zmieni\u0107 swoje \u017cycie po 50 roku \u017cycia i odnios\u0142y spektakularny sukces. Magdalena od lat zg\u0142\u0119bia psychologi\u0119 relacji i zwi\u0105zk\u00f3w, szkol\u0105c si\u0119 u takich ekspert\u00f3w jak Matthew Hussey, Mat Boggs oraz mistrzyni pracy z przekonaniami Byron Katie. Przygotowanie terapeutyczne zdoby\u0142a w Akademii Psychologii Terapeutycznej w Polsce, ale nieustannie poszukuje wiedzy u \u017ar\u00f3d\u0142a. Jej praca z parami oparta na Stylach Przywi\u0105zania rozwija\u0142a si\u0119 na szkoleniach Diane Poole Heller, m.in. w [&hellip;]<\/p>\n","protected":false},"author":4,"featured_media":0,"parent":0,"menu_order":0,"comment_status":"closed","ping_status":"closed","template":"","meta":{"footnotes":""},"class_list":["post-624","page","type-page","status-publish","hentry"],"publishpress_future_action":{"enabled":false,"date":"2026-04-19 20:08:05","action":"change-status","newStatus":"private","terms":[],"taxonomy":"frm_application","extraData":[]},"publishpress_future_workflow_manual_trigger":{"enabledWorkflows":[]},"_links":{"self":[{"href":"https:\/\/metoda-tippinga.pl\/web\/wp-json\/wp\/v2\/pages\/624","targetHints":{"allow":["GET"]}}],"collection":[{"href":"https:\/\/metoda-tippinga.pl\/web\/wp-json\/wp\/v2\/pages"}],"about":[{"href":"https:\/\/metoda-tippinga.pl\/web\/wp-json\/wp\/v2\/types\/page"}],"author":[{"embeddable":true,"href":"https:\/\/metoda-tippinga.pl\/web\/wp-json\/wp\/v2\/users\/4"}],"replies":[{"embeddable":true,"href":"https:\/\/metoda-tippinga.pl\/web\/wp-json\/wp\/v2\/comments?post=624"}],"version-history":[{"count":31,"href":"https:\/\/metoda-tippinga.pl\/web\/wp-json\/wp\/v2\/pages\/624\/revisions"}],"predecessor-version":[{"id":14540,"href":"https:\/\/metoda-tippinga.pl\/web\/wp-json\/wp\/v2\/pages\/624\/revisions\/14540"}],"wp:attachment":[{"href":"https:\/\/metoda-tippinga.pl\/web\/wp-json\/wp\/v2\/media?parent=624"}],"curies":[{"name":"wp","href":"https:\/\/api.w.org\/{rel}","templated":true}]}}