
{"id":10202,"date":"2024-07-18T14:00:57","date_gmt":"2024-07-18T12:00:57","guid":{"rendered":"https:\/\/metoda-tippinga.pl\/web\/?post_type=product&#038;p=10202"},"modified":"2025-08-25T12:44:36","modified_gmt":"2025-08-25T10:44:36","slug":"wzor-kontraktu-z-klientem","status":"publish","type":"product","link":"https:\/\/metoda-tippinga.pl\/web\/produkt\/wzor-kontraktu-z-klientem\/","title":{"rendered":"Wz\u00f3r kontraktu z klientem"},"content":{"rendered":"<br\/><span style=\"padding: 30px;\">Aby uzyska\u0107 dost\u0119p do tre\u015bci prosimy o zalogowanie si\u0119 na konto trenera. <a href=\"https:\/\/metoda-tippinga.pl\/web\/login\/\">Zaloguj si\u0119<\/a><\/span><br\/><br\/>","protected":false},"excerpt":{"rendered":"<p>Aby uzyska\u0107 dost\u0119p do tre\u015bci prosimy o zalogowanie si\u0119 na konto trenera. Zaloguj si\u0119<\/p>\n","protected":false},"featured_media":13311,"template":"","meta":[],"product_brand":[],"product_cat":[128],"product_tag":[],"class_list":{"0":"post-10202","1":"product","2":"type-product","3":"status-publish","4":"has-post-thumbnail","6":"product_cat-strefa-trenera","8":"first","9":"instock","10":"downloadable","11":"virtual","12":"taxable","13":"purchasable","14":"product-type-simple"},"publishpress_future_action":{"enabled":false,"date":"2026-04-21 23:19:16","action":"change-status","newStatus":"draft","terms":[],"taxonomy":"product_brand","extraData":[]},"publishpress_future_workflow_manual_trigger":{"enabledWorkflows":[]},"_links":{"self":[{"href":"https:\/\/metoda-tippinga.pl\/web\/wp-json\/wp\/v2\/product\/10202","targetHints":{"allow":["GET"]}}],"collection":[{"href":"https:\/\/metoda-tippinga.pl\/web\/wp-json\/wp\/v2\/product"}],"about":[{"href":"https:\/\/metoda-tippinga.pl\/web\/wp-json\/wp\/v2\/types\/product"}],"wp:featuredmedia":[{"embeddable":true,"href":"https:\/\/metoda-tippinga.pl\/web\/wp-json\/wp\/v2\/media\/13311"}],"wp:attachment":[{"href":"https:\/\/metoda-tippinga.pl\/web\/wp-json\/wp\/v2\/media?parent=10202"}],"wp:term":[{"taxonomy":"product_brand","embeddable":true,"href":"https:\/\/metoda-tippinga.pl\/web\/wp-json\/wp\/v2\/product_brand?post=10202"},{"taxonomy":"product_cat","embeddable":true,"href":"https:\/\/metoda-tippinga.pl\/web\/wp-json\/wp\/v2\/product_cat?post=10202"},{"taxonomy":"product_tag","embeddable":true,"href":"https:\/\/metoda-tippinga.pl\/web\/wp-json\/wp\/v2\/product_tag?post=10202"}],"curies":[{"name":"wp","href":"https:\/\/api.w.org\/{rel}","templated":true}]}}