
{"id":12832,"date":"2025-07-24T17:45:12","date_gmt":"2025-07-24T15:45:12","guid":{"rendered":"https:\/\/metoda-tippinga.pl\/web\/?post_type=product&#038;p=12832"},"modified":"2025-10-02T00:27:45","modified_gmt":"2025-10-01T22:27:45","slug":"jak-uwolnic-sie-od-blokujacych-przekonan-fuzja-byron-katie-i-rw-11-12-pazdziernika-2025","status":"publish","type":"product","link":"https:\/\/metoda-tippinga.pl\/web\/produkt\/jak-uwolnic-sie-od-blokujacych-przekonan-fuzja-byron-katie-i-rw-11-12-pazdziernika-2025\/","title":{"rendered":"Jak uwolni\u0107 si\u0119 od blokuj\u0105cych przekona\u0144 &#8211; fuzja Byron Katie i RW 11-12 pa\u017adziernika 2025"},"content":{"rendered":"<div class=\"wpb-content-wrapper\"><p>[vc_row][vc_column][vc_column_text]<strong>Kiedy:<\/strong> 11-12 pa\u017adziernika 2025<\/p>\n<p><strong>Gdzie:<\/strong> online<\/p>\n<p><strong>Cena regularna:<\/strong> 3370 z\u0142<\/p>\n<p><b>Cena w promocji na 20-lecie Instytutu \u2013 20% taniej &#8211; czyli 2696 z\u0142!<\/b><\/p>\n<p><strong><span style=\"color: red;\">OSZCZ\u0118DZASZ: 674 z\u0142!<\/span><\/strong>[\/vc_column_text][vc_column_text]<span style=\"color: red;\"><b>Wa\u017cne: <\/b>uczestnictwo umo\u017cliwia udzia\u0142 w warsztacie \u201eJeste\u015b obfito\u015bci\u0105. Fuzja Byron Katie cz. 2\u201d planowanym ponownie na 2026 rok.<\/span><\/p>\n<p><span style=\"color: red;\">Mo\u017cliwo\u015b\u0107 p\u0142atno\u015bci na raty PayU 0% lub\u2026 zadzwo\u0144 do Agnieszki \ud83d\ude0a<\/span><\/p>\n<p>Po warsztacie otrzymasz za\u015bwiadczenie o uczestnictwie, wydawane przez nas ju\u017c jako Plac\u00f3wk\u0119 Kszta\u0142cenia Ustawicznego \u2013 podlegamy pod system prawa o\u015bwiatowego.[\/vc_column_text][\/vc_column][\/vc_row][vc_row][vc_column][vc_btn title=&#8221;KUP TERAZ JEDNORAZOW\u0104 WP\u0141AT\u0104&#8221; color=&#8221;purple&#8221; size=&#8221;lg&#8221; align=&#8221;left&#8221; link=&#8221;url:https%3A%2F%2Fmetoda-tippinga.pl%2Fweb%2Fcart%2F%3Fadd-to-cart%3D12832%26quantity%3D1&#8243;][vc_column_text css=&#8221;.vc_custom_1759164210181{margin-top: 70px !important;}&#8221; el_class=&#8221;hide&#8221;]<strong>Zaliczka: 700 z\u0142<\/strong><\/p>\n<p><strong>Wa\u017cne: pozosta\u0142a kwota 1770 z\u0142 p\u0142atna do 10 wrze\u015bnia 2025<\/strong><\/p>\n<p><strong>\u00a0<\/strong><\/p>\n<p>Ta oferta jest wa\u017cna do 30 lipca 2025 do godz. 23:59.[\/vc_column_text][vc_btn title=&#8221;KUP TERAZ W RAMACH P\u0141ATNO\u015aCI ZALICZKI&#8221; color=&#8221;purple&#8221; size=&#8221;lg&#8221; align=&#8221;left&#8221; link=&#8221;url:https%3A%2F%2Fmetoda-tippinga.pl%2Fweb%2Fcart%2F%3Fadd-to-cart%3D12825%26quantity%3D1&#8243; el_class=&#8221;hide&#8221;][\/vc_column][\/vc_row]<\/p>\n<\/div>","protected":false},"excerpt":{"rendered":"<p>[vc_row][vc_column][vc_column_text]Kiedy: 11-12 pa\u017adziernika 2025 Gdzie: online Cena regularna: 3370 z\u0142 Cena w promocji na 20-lecie Instytutu \u2013 20% taniej &#8211; czyli 2696 z\u0142! OSZCZ\u0118DZASZ: 674 z\u0142![\/vc_column_text][vc_column_text]Wa\u017cne: uczestnictwo umo\u017cliwia udzia\u0142 w warsztacie \u201eJeste\u015b obfito\u015bci\u0105. Fuzja Byron Katie cz. 2\u201d planowanym ponownie na 2026 rok. Mo\u017cliwo\u015b\u0107 p\u0142atno\u015bci na raty PayU 0% lub\u2026 zadzwo\u0144 do Agnieszki \ud83d\ude0a Po warsztacie otrzymasz za\u015bwiadczenie o uczestnictwie, wydawane przez nas ju\u017c jako Plac\u00f3wk\u0119 Kszta\u0142cenia Ustawicznego \u2013 podlegamy pod system prawa o\u015bwiatowego.[\/vc_column_text][\/vc_column][\/vc_row][vc_row][vc_column][vc_btn title=&#8221;KUP TERAZ JEDNORAZOW\u0104 WP\u0141AT\u0104&#8221; color=&#8221;purple&#8221; size=&#8221;lg&#8221; align=&#8221;left&#8221; link=&#8221;url:https%3A%2F%2Fmetoda-tippinga.pl%2Fweb%2Fcart%2F%3Fadd-to-cart%3D12832%26quantity%3D1&#8243;][vc_column_text css=&#8221;.vc_custom_1759164210181{margin-top: 70px !important;}&#8221; el_class=&#8221;hide&#8221;]Zaliczka: 700 z\u0142 Wa\u017cne: pozosta\u0142a kwota 1770 z\u0142 p\u0142atna do 10 wrze\u015bnia 2025 \u00a0 Ta oferta jest wa\u017cna do 30 lipca 2025 do godz. 23:59.[\/vc_column_text][vc_btn title=&#8221;KUP TERAZ W RAMACH P\u0141ATNO\u015aCI ZALICZKI&#8221; color=&#8221;purple&#8221; size=&#8221;lg&#8221; align=&#8221;left&#8221; link=&#8221;url:https%3A%2F%2Fmetoda-tippinga.pl%2Fweb%2Fcart%2F%3Fadd-to-cart%3D12825%26quantity%3D1&#8243; el_class=&#8221;hide&#8221;][\/vc_column][\/vc_row]<\/p>\n","protected":false},"featured_media":7448,"template":"","meta":[],"product_brand":[],"product_cat":[312,164],"product_tag":[],"class_list":{"0":"post-12832","1":"product","2":"type-product","3":"status-publish","4":"has-post-thumbnail","6":"product_cat-oferta-20-lecie","7":"product_cat-opcja-raty","9":"first","10":"instock","11":"virtual","12":"taxable","13":"purchasable","14":"product-type-simple"},"publishpress_future_action":{"enabled":false,"date":"2026-04-21 23:27:27","action":"change-status","newStatus":"draft","terms":[],"taxonomy":"product_brand","extraData":[]},"publishpress_future_workflow_manual_trigger":{"enabledWorkflows":[]},"_links":{"self":[{"href":"https:\/\/metoda-tippinga.pl\/web\/wp-json\/wp\/v2\/product\/12832","targetHints":{"allow":["GET"]}}],"collection":[{"href":"https:\/\/metoda-tippinga.pl\/web\/wp-json\/wp\/v2\/product"}],"about":[{"href":"https:\/\/metoda-tippinga.pl\/web\/wp-json\/wp\/v2\/types\/product"}],"wp:featuredmedia":[{"embeddable":true,"href":"https:\/\/metoda-tippinga.pl\/web\/wp-json\/wp\/v2\/media\/7448"}],"wp:attachment":[{"href":"https:\/\/metoda-tippinga.pl\/web\/wp-json\/wp\/v2\/media?parent=12832"}],"wp:term":[{"taxonomy":"product_brand","embeddable":true,"href":"https:\/\/metoda-tippinga.pl\/web\/wp-json\/wp\/v2\/product_brand?post=12832"},{"taxonomy":"product_cat","embeddable":true,"href":"https:\/\/metoda-tippinga.pl\/web\/wp-json\/wp\/v2\/product_cat?post=12832"},{"taxonomy":"product_tag","embeddable":true,"href":"https:\/\/metoda-tippinga.pl\/web\/wp-json\/wp\/v2\/product_tag?post=12832"}],"curies":[{"name":"wp","href":"https:\/\/api.w.org\/{rel}","templated":true}]}}