
{"id":15542,"date":"2026-04-07T10:51:05","date_gmt":"2026-04-07T08:51:05","guid":{"rendered":"https:\/\/metoda-tippinga.pl\/web\/?post_type=product&#038;p=15542"},"modified":"2026-04-09T16:32:30","modified_gmt":"2026-04-09T14:32:30","slug":"style-przywiazania","status":"publish","type":"product","link":"https:\/\/metoda-tippinga.pl\/web\/produkt\/style-przywiazania\/","title":{"rendered":"Style przywi\u0105zania &#8211; podstawy"},"content":{"rendered":"<div class=\"wpb-content-wrapper\"><p>[vc_row][vc_column][vc_column_text]<strong style=\"font-size: 1.5rem; color: #cb0179;\">Style przywi\u0105zania<\/strong> \u2013 zrozum, jak Twoje dzieci\u0144stwo wp\u0142ywa na wyb\u00f3r partner\u00f3w<br \/>\nTo wideo pomo\u017ce Ci odkry\u0107, jak spos\u00f3b, w jaki do\u015bwiadczy\u0142a\u015b\/e\u015b blisko\u015bci w dzieci\u0144stwie, kszta\u0142tuje Twoje doros\u0142e relacje.<\/p>\n<p>Dowiesz si\u0119:<\/p>\n<ul>\n<li>czym s\u0105 style przywi\u0105zania (bezpieczny, l\u0119kowy, unikaj\u0105cy, zdezorganizowany),<\/li>\n<li>jak rozpozna\u0107 sw\u00f3j styl i styl partnera,<\/li>\n<li>dlaczego niekt\u00f3re osoby Ci\u0119 poci\u0105gaj\u0105 \u2013 mimo \u017ce nie s\u0105 dobre dla Ciebie.<\/li>\n<\/ul>\n<p>Ten materia\u0142 daje Ci \u015bwiadomo\u015b\u0107 mechanizm\u00f3w, kt\u00f3re stoj\u0105 za Twoimi zwi\u0105zkami \u2013 i pokazuje, co mo\u017cesz z tym zrobi\u0107, by przesta\u0107 powiela\u0107 bolesne schematy.[\/vc_column_text][\/vc_column][\/vc_row]<\/p>\n<\/div>","protected":false},"excerpt":{"rendered":"<p>[vc_row][vc_column][vc_column_text]Style przywi\u0105zania \u2013 zrozum, jak Twoje dzieci\u0144stwo wp\u0142ywa na wyb\u00f3r partner\u00f3w To wideo pomo\u017ce Ci odkry\u0107, jak spos\u00f3b, w jaki do\u015bwiadczy\u0142a\u015b\/e\u015b blisko\u015bci w dzieci\u0144stwie, kszta\u0142tuje Twoje doros\u0142e relacje. Dowiesz si\u0119: czym s\u0105 style przywi\u0105zania (bezpieczny, l\u0119kowy, unikaj\u0105cy, zdezorganizowany), jak rozpozna\u0107 sw\u00f3j styl i styl partnera, dlaczego niekt\u00f3re osoby Ci\u0119 poci\u0105gaj\u0105 \u2013 mimo \u017ce nie s\u0105 dobre dla Ciebie. Ten materia\u0142 daje Ci \u015bwiadomo\u015b\u0107 mechanizm\u00f3w, kt\u00f3re stoj\u0105 za Twoimi zwi\u0105zkami \u2013 i pokazuje, co mo\u017cesz z tym zrobi\u0107, by przesta\u0107 powiela\u0107 bolesne schematy.[\/vc_column_text][\/vc_column][\/vc_row]<\/p>\n","protected":false},"featured_media":15552,"template":"","meta":[],"product_brand":[],"product_cat":[123,82],"product_tag":[],"class_list":{"0":"post-15542","1":"product","2":"type-product","3":"status-publish","4":"has-post-thumbnail","6":"product_cat-nagrania","7":"product_cat-warsztaty","9":"first","10":"instock","11":"virtual","12":"sold-individually","13":"taxable","14":"purchasable","15":"product-type-simple"},"publishpress_future_action":{"enabled":false,"date":"2026-04-18 04:55:33","action":"change-status","newStatus":"draft","terms":[],"taxonomy":"product_brand","extraData":[]},"publishpress_future_workflow_manual_trigger":{"enabledWorkflows":[]},"_links":{"self":[{"href":"https:\/\/metoda-tippinga.pl\/web\/wp-json\/wp\/v2\/product\/15542","targetHints":{"allow":["GET"]}}],"collection":[{"href":"https:\/\/metoda-tippinga.pl\/web\/wp-json\/wp\/v2\/product"}],"about":[{"href":"https:\/\/metoda-tippinga.pl\/web\/wp-json\/wp\/v2\/types\/product"}],"wp:featuredmedia":[{"embeddable":true,"href":"https:\/\/metoda-tippinga.pl\/web\/wp-json\/wp\/v2\/media\/15552"}],"wp:attachment":[{"href":"https:\/\/metoda-tippinga.pl\/web\/wp-json\/wp\/v2\/media?parent=15542"}],"wp:term":[{"taxonomy":"product_brand","embeddable":true,"href":"https:\/\/metoda-tippinga.pl\/web\/wp-json\/wp\/v2\/product_brand?post=15542"},{"taxonomy":"product_cat","embeddable":true,"href":"https:\/\/metoda-tippinga.pl\/web\/wp-json\/wp\/v2\/product_cat?post=15542"},{"taxonomy":"product_tag","embeddable":true,"href":"https:\/\/metoda-tippinga.pl\/web\/wp-json\/wp\/v2\/product_tag?post=15542"}],"curies":[{"name":"wp","href":"https:\/\/api.w.org\/{rel}","templated":true}]}}